351?
False
Is 6 a factor of 14760?
True
Is 8 a factor of 168?
True
Is 3117 a multiple of 5?
False
Is 22 a factor of 924?
True
Is 1141 a multiple of 42?
False
Is 3630 a multiple of 284?
False
Does 49 divide 10612?
False
Is 73 a factor of 6867?
False
Is 16626 a multiple of 51?
True
Is 4 a factor of 306?
False
Does 110 divide 7699?
False
Is 13224 a multiple of 10?
False
Is 515 a multiple of 5?
True
Is 35 a factor of 2164?
False
Is 5 a factor of 6?
False
Is 2382 a multiple of 16?
False
Does 48 divide 1152?
True
Is 237 a factor of 82713?
True
Does 168 divide 14112?
True
Does 9 divide 558?
True
Does 9 divide 1273?
False
Is 16376 a multiple of 8?
True
Does 34 divide 6256?
True
Does 15 divide 8520?
True
Is 240 a multiple of 8?
True
Is 89447 a multiple of 53?
False
Is 40 a factor of 2040?
True
Is 14 a factor of 399?
False
Is 330 a multiple of 10?
True
Is 30 even?
True
Is 41571 a multiple of 19?
False
Is 50 a factor of 54100?
True
Is 490 even?
True
Is 66237 a multiple of 158?
False
Does 106 divide 18309?
False
Is 23653 a multiple of 31?
True
Is 30 a factor of 1890?
True
Is 587 even?
False
Is 55 a factor of 5909?
False
Is 127 a factor of 3576?
False
Is 25 a factor of 275?
True
Does 14 divide 915?
False
Does 53 divide 11529?
False
Is 96 a factor of 3264?
True
Is 390 a multiple of 6?
True
Is 4473 a multiple of 9?
True
Is 27 a factor of 648?
True
Does 27 divide 9099?
True
Is 82 a factor of 8118?
True
Is 2913 a multiple of 12?
False
Is 1717 a multiple of 49?
False
Is 79 a factor of 701?
False
Is 76 a factor of 16904?
False
Is 57 a factor of 234?
False
Does 28 divide 5432?
True
Does 2 divide 35?
False
Is 1147 a multiple of 32?
False
Is 7415 a multiple of 7?
False
Is 15703 a multiple of 41?
True
Is 855 a multiple of 45?
True
Does 30 divide 1145?
False
Is 553 a multiple of 3?
False
Does 40 divide 525?
False
Is 13574 a multiple of 253?
False
Is 8024 a multiple of 17?
True
Does 13 divide 2063?
False
Is 349 a multiple of 21?
False
Does 7 divide 3745?
True
Is 542 a multiple of 50?
False
Is 5628 a multiple of 7?
True
Does 20 divide 700?
True
Does 265 divide 59618?
False
Does 10 divide 1360?
True
Is 14 a factor of 19953?
False
Is 1518 a multiple of 30?
False
Is 3627 a multiple of 3?
True
Is 9 a factor of 2641?
False
Does 41 divide 1384?
False
Does 115 divide 6785?
True
Is 950 a multiple of 25?
True
Is 11 a factor of 89587?
False
Is 92 a factor of 19850?
False
Is 2338 a multiple of 23?
False
Does 85 divide 1931?
False
Is 88346 a multiple of 16?
False
Does 10 divide 1755?
False
Does 18 divide 337?
False
Is 20 a factor of 560?
True
Does 3 divide 221?
False
Does 22 divide 242?
True
Is 4 a factor of 218?
False
Does 8 divide 53912?
True
Does 32 divide 1046?
False
Is 21 a factor of 39312?
True
Is 35 a factor of 490?
True
Is 12 a factor of 1191?
False
Is 136 a factor of 40833?
False
Is 27761 a multiple of 264?
False
Is 9 a factor of 6606?
True
Is 2856 a multiple of 23?
False
Is 80 a factor of 27200?
True
Does 20 divide 4677?
False
Is 630 a multiple of 35?
True
Is 60 a factor of 2801?
False
Is 41 a factor of 1025?
True
Does 41 divide 12669?
True
Does 33 divide 31713?
True
Is 4 a multiple of 3?
False
Is 14918 a multiple of 30?
False
Is 93340 a multiple of 52?
True
Is 58 a factor of 812?
True
Is 3 a factor of 31?
False
Is 3825 a multiple of 51?
True
Is 96 a factor of 998?
False
Is 702 a multiple of 7?
False
Is 20247 a multiple of 17?
True
Is 96 a factor of 10368?
True
Does 36 divide 848?
False
Is 1988 a multiple of 36?
False
Is 161244 a multiple of 22?
False
Does 10 divide 5277?
False
Is 11 a factor of 508?
False
Does 86 divide 516?
True
Is 1015 a multiple of 29?
True
Does 75 divide 1275?
True
Is 6 a factor of 252?
True
Is 315 a multiple of 9?
True
Does 133 divide 1729?
True
Is 87 a factor of 4785?
True
Is 3285 a multiple of 73?
True
Is 30 a factor of 41772?
False
Is 122 a factor of 21995?
False
Is 20 a factor of 430?
False
Is 16 a factor of 416?
True
Is 225 a multiple of 9?
True
Is 255 a multiple of 15?
True
Does 9 divide 2394?
True
Is 88 a factor of 23056?
True
Does 116 divide 38164?
True
Is 106 a factor of 45920?
False
Does 134 divide 354?
False
Does 78 divide 546?
True
Is 2134 a multiple of 14?
False
Is 14805 a multiple of 105?
True
Is 85 a factor of 12016?
False
Is 20616 a multiple of 8?
True
Is 9 a factor of 16539?
False
Does 4 divide 978?
False
Is 6 a factor of 9960?
True
Is 7 a factor of 5555?
False
Is 300 a multiple of 9?
False
Does 41 divide 1886?
True
Is 45 a factor of 12164?
False
Is 16 a factor of 536?
False
Is 13325 a multiple of 65?
True
Does 16 divide 9843?
False
Is 5 a factor of 1484?
False
Is 39 a factor of 15742?
False
Is 12 a factor of 214?
False
Is 236 a factor of 33984?
True
Is 226 a multiple of 20?
False
Does 47 divide 31067?
True
Is 9327 a multiple of 124?
False
Is 164 a multiple of 26?
False
Is 2856 a multiple of 72?
False
Is 270 a multiple of 10?
True
Is 29 a factor of 4136?
False
Is 1360 a multiple of 142?
False
Is 54 a factor of 25380?
True
Does 8 divide 8?
True
Does 218 divide 16568?
True
Is 34 a factor of 1462?
True
Is 77 a multiple of 15?
False
Is 25 a factor of 5300?
True
Is 52 a factor of 32386?
False
Is 100 a multiple of 20?
True
Does 8 divide 18440?
True
Does 35 divide 115420?
False
Is 26 a factor of 5694?
True
Does 27 divide 1336?
False
Is 550 a multiple of 9?
False
Is 85 a multiple of 2?
False
Is 345 a multiple of 29?
False
Is 390 a multiple of 5?
True
Does 13 divide 5510?
False
Does 4 divide 664?
True
Is 5582 a multiple of 48?
False
Is 3 a factor of 3914?
False
Is 9 a factor of 387?
True
Is 9794 a multiple of 83?
True
Is 4387 a multiple of 107?
True
Does 81 divide 9191?
False
Is 1400 a multiple of 56?
True
Is 6 a factor of 534?
True
Is 10 a factor of 110120?
True
Does 17 divide 1326?
True
Is 6126 a multiple of 6?
True
Is 13 a multiple of 11?
False
Is 1504 a multiple of 94?
True
Does 8 divide 248?
True
Is 13070 a multiple of 11?
False
Does 7 divide 225?
False
Does 28 divide 759?
False
Does 6 divide 452?
False
Is 605 a multiple of 5?
True
Does 2 divide 2033?
False
Is 50 a factor of 950?
True
Does 12 divide 4428?
True
Does 37 divide 7624?
False
Is 78 a factor of 1560?
True
Is 85 a multiple of 5?
True
Does 11 divide 1694?
True
Is 8 a factor of 1032?
True
Is 7 a factor of 539?
True
Does 35 divide 420?
True
Is 10824 a multiple of 264?
True
Is 12 a factor of 9885?
False
Is 27 a multiple of 3?
True
Is 6 a factor of 348?
True
Is 5965 a multiple of 23?
False
Is 16 a factor of 138?
False
Is 12755 a multiple of 10?
False
Does 157 divide 22765?
True
Is 11646 a multiple of 18?
True
Does 5 divide 167?
False
Is 1953 a multiple of 31?
True
Does 33 divide 25398?
False
Is 11 a factor of 231?
True
Is 6 a factor of 926?
False
Is 10 a factor of 17670?
True
Is 16 a factor of 3819?
False
Does 103 divide 45980?
False
Does 38 divide 26752?
True
Is 63473 a multiple of 18?
False
Is 13 a factor of 5268?
False
Is 357 even?
False
Is 13461 a multiple of 63?
False
Is 33 a factor of 1947?
True
Is 10 a factor of 260?
True
Is 6 a factor of 16338?
True
Is 897 a multiple of 23?
True
Does 54 divide 12911?
False
Is 228 a multiple of 12?
True
Is 4349 a multiple of 8?
False
Is 8 a factor of 24?
True
Does 13 divide 11961?
False
Does 2 divide 207?
False
Is 38 a factor of 8436?
True
Does 3 divide 8?
False
Does 41 divide 2173?
True
Does 179 divide 7840?
False
Is 636 a multiple of 6?
True
Does 15 divide 4423?
False
Is 6192 a multiple of 24?
True
Does 9 divide 11808?
True
Does 74 divide 1938?
False
Is 4 a factor of 636?
True
Does 19 divide 570?
True
Does 19 divide 2223?
True
Is 24 a factor of 6174?
False
Is 6464 a multiple of 13?
False
Does 5 divide 2545?
True
Does 51 divide 6987?
True
Does 12 divide 4020?
True
Is 70 a factor of 3780?
True
Does 56 divide 23533?
False
Is 37 a factor of 851?
True
Does 201 divide 81807?
True
Does 130 divide 35922?
False
Is 21 a factor of 3853?
False
Does 33 divide 271?
False
Is 896 a multiple of 39?
False
Is 46 a factor of 2346?
True
Is 6869 even?
False
Does 17 divide 63818?
True
Does 15 divide 14441?
False
Is 4208 a multiple of 10?
False
Is 15 a factor of 17851?
False
Is 4 a factor of 4013?
False
Does 2 divide 17319?
False
Does 64 divide 16512?
True
Is 15 a factor of 5417?
False
Is 130 a multiple of 5?
True
Does 12 divide 300?
True
Is 14 a factor of 2